nd i?
4
Suppose -2*i + 129 = -161. What is the greatest common divisor of 58 and i?
29
Suppose 2*u = t + 1, 5*t + 23 = -2*u + 3*u. Let y be u/(-6) + (-526)/(-6). Suppose 0 = b - 1, -4*f = 2*b - 46. What is the greatest common factor of f and y?
11
Let m be 8 + (0 - 4/2). Let v be 1 + 0 + m/2. Suppose 0 = -2*g + 4*g - 8. Calculate the greatest common factor of g and v.
4
Let j be -1 + -2*(-10)/4. Suppose 2*y + j*f = 22, 2*f = -4*y - 2*f + 48. What is the greatest common divisor of 52 and y?
13
Let x be (-6)/21 - (-228)/14. Let g(a) = a**3 - 11*a**2 + 14. Let h be g(11). Suppose h + 2 = 2*c. What is the highest common factor of x and c?
8
Suppose 67 = 4*v + 11. What is the highest common factor of v and 14?
14
Let g be (-4)/(-30)*5 - (-250)/3. What is the greatest common factor of g and 6?
6
Let x(n) = -2*n**3 + 11*n**2 + 6*n + 2. Let b be x(6). What is the greatest common divisor of b and 4?
2
Suppose -3*u - 9 + 69 = 0. Let l(v) = 4*v - 3. Let d be l(5). Suppose -w + 13 = -d. Calculate the highest common factor of u and w.
10
Suppose 3*m = -5*f + 245, 7*f + 3*m - 147 = 4*f. What is the greatest common divisor of 14 and f?
7
Let a = 15 - 13. Calculate the highest common factor of 5 and a.
1
Let r be (-26)/247 - 10264/(-38). Calculate the greatest common divisor of 30 and r.
30
Let q = -11 - -16. Let f be ((-2)/(-4))/(3/30). Calculate the highest common factor of q and f.
5
Let o(f) = -23*f + 3. Let a be o(-7). Let x = a - 32. What is the highest common factor of 12 and x?
12
Let t(p) = -25*p - 2. Let r be t(-1). Suppose 4*f - 3*q = r + 27, 0 = f + 5*q - 24. Let m be (49/3 + 0)*6. What is the highest common divisor of m and f?
14
Suppose -5*d + 4*d = -5*y + 63, -3*y = 4*d - 24. Let k = y - -12. Let b = 116 + -56. What is the greatest common divisor of k and b?
12
Suppose -y + 24 = 5. What is the greatest common factor of y and 209?
19
Suppose -5*v = -4*z - 605, 2*z - 51 = v - 178. Suppose l = -1, 5*l - v = -5*g + 2*l. What is the greatest common divisor of 6 and g?
6
Let l = -10 - -36. What is the greatest common factor of 208 and l?
26
Let h be ((1 - 2) + -197)*-1. Calculate the highest common divisor of 22 and h.
22
Suppose 4*x = -s + 82, 2*s + 88 = 4*x - 0*x. Let q = 37 - x. Let p be (17/2)/(8/q). Calculate the highest common factor of p and 17.
17
Suppose 0 = -2*f + f + 89. Let i = f - 54. Suppose p = c - 7 - 5, -2*c + 5*p = -18. Calculate the greatest common factor of c and i.
7
Suppose -5*q + 80 = -5*b, -q - b = -4 - 4. Let l = 61 - 43. What is the highest common factor of l and q?
6
Let n be (-1)/10*-2 + (-5616)/(-270). What is the greatest common divisor of 168 and n?
21
Let y be ((-68)/(-6))/(4/18). What is the greatest common divisor of y and 17?
17
Suppose 4 = 5*b - 6. Suppose -o = 2*c - 107, 2*c = -b*o + c + 229. Calculate the greatest common factor of 13 and o.
13
Suppose f + 6 = 4*f. What is the highest common factor of 2 and f?
2
Let p = 31 - 28. Calculate the highest common divisor of 15 and p.
3
Let o be (-18)/(-9) + -3 + 40. Calculate the highest common factor of 13 and o.
13
Suppose -c + 4*c = f + 70, 3*f + 56 = 2*c. Let u = -14 + 25. Calculate the greatest common divisor of u and c.
11
Let m = -61 - -115. Calculate the greatest common divisor of 6 and m.
6
Let d be ((-1)/12*4)/((-1)/84). Calculate the greatest common divisor of 28 and d.
28
Let l be ((-20)/3)/(2/(-6)). Suppose 0 = -3*j - 3, 13*j - 14 = -2*v + 11*j. What is the highest common factor of l and v?
4
Let n(f) = -f**3 - 5*f**2 + 21*f - 7. Let w be n(-9). Calculate the highest common divisor of 32 and w.
32
Let w = -5 - -6. Let b be (-5)/((-10)/18) + w. Calculate the greatest common divisor of b and 5.
5
Suppose 0 = 3*l - 362 + 110. Calculate the greatest common divisor of 12 and l.
12
Suppose -10*s = -8*s - 66. What is the highest common factor of s and 11?
11
Suppose 0 = 5*d - 3 - 12. Calculate the greatest common divisor of 9 and d.
3
Suppose -5*h + 33 + 42 = 0. Suppose t - 4*t + h = 0. Suppose 4*a = t*x - 28, 3*a - 8*a = 4*x - 6. What is the greatest common divisor of x and 2?
2
Let d(j) = j**2 + j - 2. Let q be d(-3). Suppose 4*g - 3*u = 333, q*g - u = 213 + 122. Suppose 5*a - g = -24. What is the greatest common factor of 12 and a?
12
Let b be 4/(-4*(-2)/12). Suppose 3 = -s + 4*p, 5*s - p - 60 = -6*p. What is the highest common factor of b and s?
3
Suppose a - 154 = -13*a. Let x(w) = 9*w - 3. Let d be x(4). Calculate the highest common divisor of d and a.
11
Let q be (-246)/(1 - 4) - 2. What is the greatest common divisor of q and 10?
10
Let m be (-82)/(-5) - 4/10. Suppose -3*o + 14 - 2 = 0. What is the greatest common factor of m and o?
4
Let c(t) = 3*t**2 + 4*t - 9*t**2 + 11 + 5*t**2. Let q be c(5). What is the highest common divisor of q and 24?
6
Let g = -3 - -3. Suppose -c - 11 + 27 = g. Let b be 2/(-1) - (-1 + -113). Calculate the greatest common divisor of b and c.
16
Let n = 64 + -39. What is the greatest common divisor of n and 10?
5
Let p(n) = -n**3 - 16*n**2 - 17*n - 12. Let b be p(-15). Calculate the highest common factor of 2 and b.
2
Suppose -2*p + 3*p = 2. Let g = -4 - -8. Let d be (-2)/g*-9*4. What is the greatest common divisor of p and d?
2
Suppose 3*r = -4*k + 5, 0 = -3*r + 4*r - 5*k - 8. Suppose r*w + 12 = 3*g, 2*g = 5*w - 0 - 1. Calculate the highest common divisor of 49 and g.
7
Let c(t) = -2*t - 10. Let p be c(-8). Suppose 0 = 2*o - 5*s + 12, 4 = -2*o + 5*o - 2*s. Calculate the highest common divisor of o and p.
2
Let v(g) = g**3 - 4*g**2 + 4*g + 3. Let h be v(5). What is the highest common divisor of h and 12?
12
Let m(n) = -n + 3 - 2 + 28*n**2 + 2*n. Let w be m(-1). Let h be 172/12 + (-1)/3. Calculate the highest common divisor of h and w.
14
Suppose -4*d + k + 876 = -3*k, 5*k = -2*d + 473. What is the greatest common factor of d and 7?
7
Let d(w) be the second derivative of -w**3/6 - 2*w**2 + 3*w. Let u be d(-6). Suppose 0 = u*x - x - 56. What is the highest common divisor of 8 and x?
8
Let r(v) = -v**3 - 8*v**2 + 7. Let p be r(-8). What is the highest common divisor of 7 and p?
7
Let y(f) = 11*f - 11. Let l be y(9). What is the greatest common divisor of l and 22?
22
Let p = 17 - 10. Let y = 11 - p. What is the highest common divisor of y and 12?
4
Suppose 252 = -5*j + 7*j. What is the highest common divisor of 9 and j?
9
Let q(c) = -c**3 + 7*c**2 - 3*c - 3. Let m be q(4). Calculate the highest common divisor of 11 and m.
11
Suppose 3 = -y + 7. Let s be (-104)/(-10)*10/y. What is the highest common factor of 65 and s?
13
Let c(d) = d**3 + 5*d**2 - 7*d - 2. Let j be c(-5). Suppose -8*f + 110 = -3*f. Calculate the greatest common divisor of f and j.
11
Let u = -6 - -11. Suppose 2*b - u = b. Suppose b*v + 0*p - p = 48, 3*v = -p + 32. What is the greatest common divisor of v and 50?
10
Let o(p) = 29*p**3 + 2*p**2 - 2*p + 1. Let a be o(1). Suppose -a = -0*g - 5*g. Calculate the greatest common divisor of g and 9.
3
Suppose 0 = -h - 4*h. Suppose h = -5*j + 34 + 16. What is the greatest common factor of j and 80?
10
Let g(v) = -5*v + 1. Let p be g(-1). Suppose p*f = f + b + 296, -b + 184 = 3*f. Calculate the greatest common divisor of 12 and f.
12
Suppose 3*u - u + n = 9, 0 = 5*u - 2*n - 18. Suppose 10 = -2*w, -u*b + w - 3*w + 142 = 0. What is the greatest common divisor of b and 19?
19
Let l(i) = 55*i**3 + 1. Let x be l(1). Suppose -j - 2*z - 2 = 0, -z = -2*j + 3*z + 36. Calculate the highest common factor of j and x.
8
Suppose -20*l = -11*l - 54. Calculate the greatest common factor of l and 114.
6
Suppose -4*v + 13 = -7, 4*z - 4*v = -8. Let s(m) = m**2 - 3 + 2*m**3 - 2*m**z + m**3 - 4*m. Let x be s(-2). What is the highest common divisor of 1 and x?
1
Let j be (0 - -1)/(11/121). Let v(w) = -29*w + 5. Let s be v(-4). What is the highest common factor of s and j?
11
Let l be 8*-2*(-25)/(-20). Let g = 30 - l. Calculate the greatest common divisor of 20 and g.
10
Suppose 0 = -m - u + 8, -5 = -4*m - 3*u + 22. Calculate the highest common divisor of m and 15.
3
Let l be 0 + -3*(-7)/3. Calculate the greatest common factor of 63 and l.
7
Let r(i) = 12*i**2 - 3*i + 2. Let y be r(2). Calculate the greatest common divisor of y and 11.
11
Suppose -504 = -7*f + 3*f. Let r(v) = v**3 + 2*v**2 + 2*v - 2. Let d be r(2). Calculate the greatest common 